{"id":34,"date":"2011-06-08T15:32:35","date_gmt":"2011-06-08T15:32:35","guid":{"rendered":"http:\/\/127.0.0.1:8888\/?page_id=2"},"modified":"2026-04-12T15:43:05","modified_gmt":"2026-04-12T14:43:05","slug":"sluzby-bozie","status":"publish","type":"page","link":"https:\/\/ecavpp.sk\/data\/sluzby-bozie\/","title":{"rendered":"Slu\u017eby Bo\u017eie"},"content":{"rendered":"<p>&nbsp;<\/p>\n<table style=\"width: 490px;\" cellspacing=\"0\" cellpadding=\"10\">\n<colgroup>\n<col width=\"120\">\n<col width=\"370\"><\/colgroup>\n<tbody>\n<tr>\n<td colspan=\"2\" valign=\"top\" width=\"490\"><strong>Pravideln\u00e9 slu\u017eby Bo\u017eie:<\/strong><\/td>\n<\/tr>\n<tr valign=\"top\">\n<td width=\"121\">Poprad:<\/td>\n<td width=\"370\">ka\u017ed\u00fa nede\u013eu o&nbsp;9.00 hod.<\/td>\n<\/tr>\n<tr valign=\"top\">\n<td width=\"121\">Str\u00e1\u017ee:<\/td>\n<td width=\"370\">prv\u00fa nede\u013eu v&nbsp;mesiaci o&nbsp;10.30 hod.<\/td>\n<\/tr>\n<tr valign=\"top\">\n<td width=\"121\">Spi\u0161sk\u00e1 Sobota:<\/td>\n<td width=\"370\">posledn\u00fa nede\u013eu v&nbsp;mesiaci o&nbsp;10.30 hod.<\/td>\n<\/tr>\n<tr valign=\"top\">\n<td width=\"121\">Biblick\u00e1 hodina:<\/td>\n<td width=\"370\">zborov\u00e1 miestnos\u0165 na Ul. 1. m\u00e1ja \u010d. 1,<br \/>\n\u0161tvrtok o&nbsp;17.00 hod.<\/td>\n<\/tr>\n<tr valign=\"top\">\n<td width=\"121\">&nbsp;<\/td>\n<td width=\"370\">Domov seniorov na Komensk\u00e9ho ul.,<br \/>\nposledn\u00e1 streda o&nbsp;15.30 hod.<\/td>\n<\/tr>\n<\/tbody>\n<\/table>\n<p><iframe loading=\"lazy\" id=\"doc_32510\" src=\"http:\/\/www.scribd.com\/embeds\/1025308332\/content?start_page=1&amp;view_mode=scroll\" width=\"100%\" height=\"600\" frameborder=\"0\" scrolling=\"no\" data-aspect-ratio=\"undefined\" data-auto-height=\"false\"><\/iframe><\/p>\n","protected":false},"excerpt":{"rendered":"<p>&nbsp; Pravideln\u00e9 slu\u017eby Bo\u017eie: Poprad: ka\u017ed\u00fa nede\u013eu o&nbsp;9.00 hod. Str\u00e1\u017ee: prv\u00fa nede\u013eu v&nbsp;mesiaci o&nbsp;10.30 hod. Spi\u0161sk\u00e1 Sobota: posledn\u00fa nede\u013eu v&nbsp;mesiaci o&nbsp;10.30 hod. Biblick\u00e1 hodina: zborov\u00e1 [&#8230;]<\/p>\n","protected":false},"author":3,"featured_media":0,"parent":0,"menu_order":0,"comment_status":"closed","ping_status":"closed","template":"","meta":{"ngg_post_thumbnail":0,"footnotes":""},"class_list":["post-34","page","type-page","status-publish","hentry"],"_links":{"self":[{"href":"https:\/\/ecavpp.sk\/data\/wp-json\/wp\/v2\/pages\/34","targetHints":{"allow":["GET"]}}],"collection":[{"href":"https:\/\/ecavpp.sk\/data\/wp-json\/wp\/v2\/pages"}],"about":[{"href":"https:\/\/ecavpp.sk\/data\/wp-json\/wp\/v2\/types\/page"}],"author":[{"embeddable":true,"href":"https:\/\/ecavpp.sk\/data\/wp-json\/wp\/v2\/users\/3"}],"replies":[{"embeddable":true,"href":"https:\/\/ecavpp.sk\/data\/wp-json\/wp\/v2\/comments?post=34"}],"version-history":[{"count":115,"href":"https:\/\/ecavpp.sk\/data\/wp-json\/wp\/v2\/pages\/34\/revisions"}],"predecessor-version":[{"id":14738,"href":"https:\/\/ecavpp.sk\/data\/wp-json\/wp\/v2\/pages\/34\/revisions\/14738"}],"wp:attachment":[{"href":"https:\/\/ecavpp.sk\/data\/wp-json\/wp\/v2\/media?parent=34"}],"curies":[{"name":"wp","href":"https:\/\/api.w.org\/{rel}","templated":true}]}}